ppose 41 + 111 = 2*v. Calculate the highest common factor of n and v.
19
Let i be (-23 - -47)*(-10)/(-15). Calculate the highest common divisor of i and 272.
16
Let v(q) = q + 7. Let t be v(-6). Let p = t - -3. Suppose 143 + 13 = p*h. Calculate the highest common factor of 26 and h.
13
Let b = 802 + -612. What is the highest common divisor of 30 and b?
10
Suppose i - 2*i = -144. Let m(s) = 19*s**2 + 2 - 1 - 5 + 3. Let d be m(-1). What is the greatest common divisor of i and d?
18
Suppose -13 = -2*z - 3, 2*z = -5*n + 45. Let u(v) = 34*v + 9. Let x be u(2). Calculate the greatest common factor of x and n.
7
Suppose -5*c + 0*c + 7 = -m, 3*c - 15 = -3*m. Suppose c*n = -u - n, -2*n = 2. Let k be -3*(-4)/9*u. What is the greatest common factor of k and 4?
4
Let l = -108 - -342. Let o = -36 - l. Let t be ((-1)/(-1))/((-10)/o). What is the greatest common factor of t and 9?
9
Let z = 32 + 29. Let c = 593 - -78. Calculate the highest common factor of z and c.
61
Suppose -6*b - 4*n + 28 = -2*b, -3*b = -n - 1. Suppose -60 = b*h - 8*h. Calculate the greatest common factor of h and 110.
10
Suppose -2*j = c - 41 - 8, 3*j + 3*c - 75 = 0. Suppose -2*z - 4*x = -j, -3*z + x - 6 = -56. What is the greatest common divisor of 24 and z?
8
Suppose -4*v = -5*h + 203, 3*v = -h + 2*v + 37. Calculate the greatest common factor of h and 26.
13
Suppose 2*v - 5*d - 55 = -0*d, 5*v = 5*d + 145. Let m be (-2)/(-1) - (-41 - 2). What is the highest common divisor of m and v?
15
Let v be -3*(1 - (-24)/(-9)). Suppose z = -5*d + 30, v*z + 0*z + d - 78 = 0. What is the greatest common factor of z and 75?
15
Suppose -b + 16 = -28. Let v = b + -22. Calculate the highest common divisor of v and 33.
11
Let c(i) = -5*i**2 + 4*i + 4. Suppose -3*b + 2*b = 2. Let p be c(b). Let u = p - -36. What is the greatest common factor of u and 24?
12
Let s(a) = -a**3 + 11*a**2 + 26*a + 10. Let x be s(13). Suppose -x = -8*z + 22. Calculate the greatest common factor of z and 2.
2
Suppose 7*i - 191 - 47 = 0. What is the highest common divisor of 323 and i?
17
Suppose -y - 2*y + 21 = 3*a, -2*y = -4*a - 2. Suppose 22 = -y*x + 92. What is the highest common factor of x and 42?
14
Let g be (-40)/(-32) - (-3)/4. Suppose 0 = -5*a + 6*a + 12. Let p = a + 17. Calculate the highest common divisor of g and p.
1
Suppose 5*w - 2*t - 630 = 3*w, -w + 2*t + 315 = 0. What is the greatest common factor of w and 90?
45
Suppose 2*h + 4*d = 176, -2*d = -5*h + 3*d + 440. Calculate the highest common factor of 22 and h.
22
Let z = -72 - -41. Let d = z + 41. What is the highest common factor of d and 10?
10
Suppose -9*v + 17*v - 24 = 0. Suppose -108 = -4*p - 2*m, p + v*m - 31 + 9 = 0. Let c = 15 - 1. Calculate the highest common divisor of c and p.
14
Suppose -2*p - 2*n + 838 = 0, 0 = -5*p + 2*n + 3*n + 2055. Let a be p/15 + (-2)/3. Calculate the greatest common divisor of 135 and a.
27
Let o = 65 - -61. Let s = -104 + o. Calculate the highest common divisor of s and 55.
11
Suppose 80*w - 68*w = 1104. What is the greatest common factor of 69 and w?
23
Let a(n) = n**2 - 3*n + 6. Let x be a(6). Suppose 40 - 180 = -5*q - 2*u, -2*q + 65 = -u. Let l = q - x. What is the highest common factor of 6 and l?
6
Suppose h = -2*j + 10, h + 4*j - 11 = 7. Let w be 15*h/6*9. Calculate the highest common factor of w and 18.
9
Suppose 3*l - 34 = 8. Let d be ((-6)/(-15))/((-2)/40). Let m be d/(-1 - 3) + 5. Calculate the highest common divisor of m and l.
7
Let r(t) = -10*t**3 + 4*t**2 + 2*t - 3. Let p be r(-3). Suppose -3*w + 0*w + p = 0. Let x be (12/(-10))/((-2)/15). What is the highest common factor of w and x?
9
Let i be ((-35)/10)/(2/(-88)). Suppose 3 = -c + 7. Suppose -3*x = 5*b - 47, 2*x + 2*x - 52 = c*b. What is the highest common divisor of i and x?
14
Let b = -14 + 22. Suppose -10*q = 30 - 110. Calculate the highest common factor of q and b.
8
Let o = 74 - 52. Let u be (-1 + 2)/(1/43). Suppose v = -4*l - 1 + u, l = v - o. Calculate the greatest common factor of 39 and v.
13
Suppose -4*k + 7*k + 2499 = 4*s, 1257 = 2*s + k. What is the highest common factor of s and 33?
33
Let v(f) = 519*f**3 + 2*f**2 - 8*f + 7. Let s be v(1). Calculate the highest common divisor of s and 832.
104
Suppose 0 = 2*g + 6, -3*g - 26 = -5*m + 18. Suppose 6*o = 18 - 0. Let c be (-4)/6*o + 9. Calculate the greatest common divisor of c and m.
7
Let g = -122 + 247. Suppose 2*r + g = 5*v, -4*r - 65 = -4*v + 35. What is the highest common factor of v and 75?
25
Let k(z) = -z**3 - 9*z**2 + 2*z + 4. Let m be k(-10). Calculate the highest common divisor of 196 and m.
28
Let s(y) = 2*y**2 + 0 + 10 + 0 - y - 2*y. Let p be s(4). Calculate the greatest common divisor of 20 and p.
10
Suppose 0 = -w, -2*b - 3*w + 83 = -637. Let y = b + -81. What is the greatest common divisor of 31 and y?
31
Suppose 8*o - 53 - 19 = 0. Let n = -310 + 189. Let t = -40 - n. What is the greatest common factor of o and t?
9
Suppose 0 = 4*o - 20, 0*o = -4*q - o + 305. Let l(n) = 3*n**2 - 6*n - 7. Let x be l(-3). Let k = x - 13. What is the greatest common divisor of k and q?
25
Let u(q) = -q**2 + 7*q + 5. Let r be u(6). Suppose 24 = -r*s + 14*s. Suppose -4*m - 320 = -s*m. Calculate the greatest common divisor of 10 and m.
10
Let u = -54 - -54. Suppose -6*q + 255 + 825 = u. What is the greatest common factor of 30 and q?
30
Let z be 18/(-81) - 1390/(-18). Let r = z + -75. Calculate the highest common factor of r and 2.
2
Let g(b) = b**3 - b**2 - 6*b + 6. Let r be g(3). Suppose 0 = -r*j + 9*j - 144. What is the greatest common divisor of j and 12?
12
Suppose -5*i + 346 = 71. Let v be 2/(-3)*(-27)/3. Suppose -3*t - 34 = -m, m = -0*m - 4*t + v. Calculate the greatest common divisor of i and m.
11
Let m(r) = 22*r - 3. Let j be m(1). Suppose 0 = 11*o - 382 + j. Calculate the highest common factor of 11 and o.
11
Suppose 5*b - 28 = -3*q + 3*b, b - 8 = -q. Let r = 16 - q. Suppose d = 3*d + x - 24, 2*d + r*x = 30. What is the highest common divisor of d and 121?
11
Let s = 148 + -119. What is the highest common divisor of s and 551?
29
Suppose -6*j = -8*j - 2*s + 6, 0 = 4*s + 12. Calculate the greatest common divisor of j and 30.
6
Suppose 4*a - 15 = 5*t, 3*t + 8 = -1. Suppose 0*x - 2*x = 0. Suppose 2*u + x - 10 = a. Calculate the greatest common divisor of u and 1.
1
Let n be ((-16)/5)/((-354)/(-120) - 3). Let q(j) = j**2 + 9*j + 16. Let p be q(-8). What is the greatest common factor of n and p?
8
Let b(n) = -5*n + 123. Let f be b(23). Calculate the highest common factor of f and 8.
8
Suppose -5*u + 7*u = -8. Let w be 1/u*880/(-20). Calculate the greatest common divisor of 44 and w.
11
Suppose 4*p - 48 = 2*p. Let x be 1*-84*(-66)/p. What is the greatest common divisor of x and 33?
33
Let i = 1585 + 711. What is the highest common divisor of 56 and i?
56
Suppose 2*k + 15 = o, -5*o - 3*k = -15 + 5. What is the greatest common factor of 65 and o?
5
Let o(c) be the second derivative of 1/12*c**4 + c**3 + c + 4*c**2 + 0. Let k be o(7). Calculate the greatest common factor of 11 and k.
11
Let r = -29 + 26. Let n = r - -22. What is the greatest common factor of 19 and n?
19
Let r(i) = i**3 + 9*i**2 + 9*i + 2. Let k be r(-6). Let f = 3065 + -3058. What is the highest common divisor of f and k?
7
Let b = 24 - -9. Calculate the greatest common factor of 429 and b.
33
Let x = 1125 - 971. Calculate the greatest common factor of 56 and x.
14
Suppose 9*l - 324 = -c + 14*l, 5*l + 1221 = 4*c. What is the highest common factor of 207 and c?
23
Let u be 1 - (-3 - 0 - 174). Suppose 4*n - u = 18. What is the greatest common factor of 7 and n?
7
Let v(q) = 2*q - 27. Let i be v(9). Let b be (-366)/(-54) - 2/i. Let f be (-1)/(-4) + (-275)/(-20). What is the highest common divisor of f and b?
7
Let b be 6/(-60)*-658*5. What is the highest common factor of b and 42?
7
Let z be 0 + 9 + (-1 - -2). Suppose -14*m + 301 = -365 - 594. What is the greatest common factor of m and z?
10
Suppose 0 = u - 3*u + 2. Suppose o = -5 + 11. Suppose -o = -2*x + 2. Calculate the highest common factor of u and x.
1
Let i(f) be the second derivative of 8*f**4/3 + f**3/6 - f**2/2 - f. Let y be i(1). Let s = -21 + y. What is the greatest common divisor of s and 88?
11
Let n = 1581 - 1543. Calculate the greatest common divisor of n and 2318.
38
L